e k(0). Let u = 45 - r. Calculate the remainder when u is divided by 11.
10
Suppose -5 - 14 = -4*u - 3*l, -l = 3*u - 8. Calculate the remainder when 2 is divided by u.
0
Let u = 20 - -19. Suppose -3*f - z - 57 = 0, f + 27 = -4*z + z. Let o = u + f. Calculate the remainder when 61 is divided by o.
19
Let z = 151 - 98. Suppose p = -2*s + 3, -5*p - s + 20 = 50. Let b(t) = t**3 + 7*t**2 - 2*t + 4. Calculate the remainder when z is divided by b(p).
17
Suppose 3 = -4*y - 5. Let r(l) = 4*l - 1. Let u(h) = -4*h + 2. Let a(d) = y*u(d) - 3*r(d). Calculate the remainder when 5 is divided by a(-1).
2
Suppose 0 = 5*x - 3*n - 127 - 86, -86 = -2*x + n. Calculate the remainder when x is divided by 192/(-40)*15/(-6).
9
Suppose -2*c - 3*o + 5 = -0*c, -2*c + o + 9 = 0. Suppose 0 = -g + 5*g - 4*v - 64, -c*g + 70 = -2*v. What is the remainder when g is divided by 9/1 - 3/(-3)?
9
Let a(i) = -3*i + 1. What is the remainder when a(-2) is divided by 7 - -2*(-3)/2?
3
Suppose 80 = -0*a + 2*a. Suppose l = -4*r + 87, -2*l = -l - 3. What is the remainder when a is divided by r?
19
Suppose 5*o - i - 104 = -18, -53 = -3*o + 2*i. What is the remainder when o is divided by 10?
7
Let r = 53 - 42. Calculate the remainder when r is divided by 6.
5
Let y(g) = 8*g**2 - 2*g - 4. What is the remainder when y(-2) is divided by 7?
4
Suppose d = 56 - 35. Calculate the remainder when 144 is divided by d.
18
Calculate the remainder when (100/(-15))/(1/(-3)) is divided by 11.
9
Suppose 20 = -5*z, 0 = -3*v + z + 2*z + 30. What is the remainder when v is divided by 3?
0
Let z(k) = -4*k**3 - k**2 - 2*k - 3. Suppose -b = -r + 1, -6 = -0*b + 4*b - 2*r. What is the remainder when z(b) is divided by 4/(-5)*(-50)/4?
9
Suppose 0 = -4*o - u - 48, 5*o - 3*u + 67 = -6*u. Let g = 22 + o. What is the remainder when (-20)/(-3)*(4 - 1) is divided by g?
9
Let s = 58 + -37. Let p(o) = -4*o + 62. Calculate the remainder when p(0) is divided by s.
20
Let g = 38 + -15. What is the remainder when g is divided by 12?
11
Suppose -4*s + 82 = -5*z, -2*s - 5*z + 30 = -2*z. Calculate the remainder when 34 is divided by s.
16
Let w(s) = s**3 + 10*s**2 + 3*s - 5. Calculate the remainder when w(-9) is divided by 13.
10
Let q(i) be the second derivative of -i**3/6 + i**2/2 + 2*i. Let s be q(-4). Let h(g) = 4*g - 2. What is the remainder when 35 is divided by h(s)?
17
Let b(r) = 30*r**2 - 2*r. Let f(m) = 60*m**2 - 5*m. Let y(j) = 7*b(j) - 3*f(j). What is the remainder when y(-1) is divided by 10?
9
Suppose -3*v - 2*v + 10 = 0. Suppose y = -v*y + 21. What is the remainder when (0 + 1)*(13 + 6) is divided by y?
5
Suppose -4*q + 15 = q. Suppose -q*h = -2*h - 28. Calculate the remainder when h is divided by 15.
13
Suppose -r + 2*n + 2*n + 7 = 0, 0 = 2*r - n - 35. Let x = 33 - 23. Calculate the remainder when r is divided by x.
9
What is the remainder when 977/11 + (-34)/(-187) is divided by 23?
20
Suppose -2*a + 52 = -0*a. Let f = 22 + -15. What is the remainder when a is divided by f?
5
Let w = -22 + 48. Suppose 4*t - 160 = 5*j, -2*t + 4*j = -0*t - 86. Let z = t - 21. What is the remainder when w is divided by z?
12
Suppose 0 = -5*y - 5*g, -2*y = y - 5*g - 8. Let z = y + 7. Calculate the remainder when z is divided by -1*5/((-15)/9).
2
Let w be (-162)/(-8) + (-1)/4. Suppose -w = 2*b - 7*b. Suppose 0*t - 2*f = t - 3, -b*f = 4. What is the remainder when 9 is divided by t?
4
Let l be (38/(-4))/(5/10). Let m = 40 + l. What is the remainder when m is divided by 11?
10
Let s(v) = -v**2 - 3*v + 2. Let j be s(-5). Let o = 23 + j. What is the remainder when 42 is divided by o?
12
Suppose 4*j + 23 + 25 = 0. What is the remainder when 22 is divided by j/(-9)*9/2?
4
Suppose 4*y - t = -12, 5*y - 2*t - 6 = 7*y. Let w(n) = -3*n - 1. Let s = 3 - -20. What is the remainder when s is divided by w(y)?
7
Suppose -2*f + 5*k + 3 = -3*f, -2*f - 2*k = -10. Calculate the remainder when f is divided by ((-6)/(4/(-2)))/1.
1
Suppose -5*c - 3 = s + 1, -2*c + 49 = 5*s. What is the remainder when (-2)/(-4) - 41/(-2) is divided by s?
10
Let f(o) = 13*o - 3. Let a be 4/(-10) + (-48)/(-20). Suppose 0 = -5*z - w - w + 50, -10 = a*w. What is the remainder when f(2) is divided by z?
11
Let i(a) = 14*a - 8. Calculate the remainder when i(5) is divided by 13.
10
Let l(h) be the second derivative of h**3/3 + 2*h**2 + 3*h. Let j = -3 + 9. Calculate the remainder when l(j) is divided by 9.
7
Let p = 14 + -1. Let v = 8 - 1. Suppose -u + v = -p. Calculate the remainder when u is divided by 7.
6
Let a be 8/20 - 13/(-5). Suppose -c = -a - 0. What is the remainder when 4 is divided by c?
1
Let y be (-1105)/(-9) + (-6)/(-27). Suppose -85 = 4*a + y. What is the remainder when 16 is divided by 2/9 - a/9?
4
Suppose 5*f - y - 350 = 0, -3*f - 2*f = -4*y - 335. Suppose -5*x = -f + 11. Calculate the remainder when 23 is divided by x.
11
Let b(a) = -a**2 - 9*a + 1. What is the remainder when b(-3) is divided by 10?
9
Suppose 0 = -5*g - 5 + 80. What is the remainder when g is divided by 8?
7
Let o = -23 + 34. Suppose -4*u = -q + 16, -6*q = -5*q + 4*u - 24. What is the remainder when q is divided by o?
9
Let q = -2 - -29. Suppose 0 = 4*o - 3*o - q. Suppose -6 = -3*s + o. Calculate the remainder when s is divided by 4.
3
Suppose 4*h - 343 = 205. Let w = h + -97. Suppose 4*z = -4*f + 64, 2*f = -3*f + 4*z + 62. Calculate the remainder when w is divided by f.
12
Suppose -3*q - 5*t + 45 = 2*q, -5*q + 36 = -4*t. Suppose -x + 2 + 0 = 0. Calculate the remainder when q is divided by x.
0
Suppose -2*m = d - 6, 4*d = 3*m + 2 - 0. Suppose m - 22 = -r. Let w = -20 + 31. What is the remainder when r is divided by w?
9
What is the remainder when 203 is divided by (306/(-15))/((-39)/130)?
67
Let z be -14 - (-3)/(12/8). Calculate the remainder when (87/(z/(-4)))/1 is divided by 16.
13
Suppose 5*a = a - 116. Suppose m = 3*m - 22. What is the remainder when (1 - a) + (1 - 0) is divided by m?
9
Calculate the remainder when 1/(((-5)/230)/(-1)) is divided by 426/27 - 4/(-18).
14
Let x be 18/4*(-152)/(-3). Calculate the remainder when 3/((-2)/(x/(-9))) is divided by (-6 + -14)*2/(-2).
18
Suppose 0*x = 3*x - 27. What is the remainder when 44 is divided by x?
8
Let a(f) = 5*f**3 + 1. Let i be a(1). Suppose 0 = y - i*y. Suppose -5*d + 10*d - 130 = y. What is the remainder when d is divided by 9?
8
Let i(o) be the third derivative of o**4/24 + o**3/6 - 4*o**2. Let v be i(4). Suppose -s = -v - 20. Calculate the remainder when s is divided by 13.
12
Suppose 0*a - 165 = -5*a. Suppose -11 = 2*p - a. What is the remainder when 20 is divided by p?
9
Suppose 5*f + 8 = -2. Let h = -43 - -50. Let y = f + h. What is the remainder when 8 is divided by y?
3
Suppose -4*u + 100 = 5*m, 2*u + 2*u - m = 76. Let f = -36 + u. What is the remainder when (-1132)/f + (-6)/8 is divided by 24?
22
Let q be -1*2/(-4)*4. Suppose v = -q*v + 12. What is the remainder when v is divided by 3?
1
What is the remainder when 4/(-5) - 1482/(-15) is divided by 20?
18
Suppose 0 = -5*w - 5*n - 23 - 12, -2*w = n + 10. Let t be (15/10)/(w/(-44)). Suppose -c = -t - 5. What is the remainder when c is divided by 15?
12
Let k = -9 - -26. What is the remainder when (5 - -125)*1/2 is divided by k?
14
What is the remainder when 40 is divided by -2 + (-236)/(-10) - (-3)/(-5)?
19
Suppose 0 = n + 16 - 48. Suppose -12*j + n = -8*j. Calculate the remainder when 22 is divided by j.
6
Calculate the remainder when -48*(1 - (-28)/(-12)) is divided by 17.
13
Let i(w) = -w**3 - 15*w**2 - 21*w - 21. Calculate the remainder when i(-14) is divided by 30.
17
Let w be 32/10 + (-3)/15. Suppose w*c + 17 - 50 = 0. Suppose n + 0*d = 3*d, 5*n - 4*d = c. What is the remainder when n is divided by 2?
1
Suppose z + 5 = 2*z. Suppose -2*b = -5*i - 33, z*i + 12 + 1 = -3*b. Let y(a) = 6*a - 2. What is the remainder when y(b) is divided by 8?
6
Let z = -18 - -25. Suppose 0 = l - 2*g - z, 25 = l + 5*g - 17. What is the remainder when 65 is divided by l?
14
Suppose -5*a + 4*t = -132, 0*t - t = 5*a - 117. Calculate the remainder when a is divided by 14.
10
Suppose 0 = 3*l - 3*b - 87, 2*l + 1 = 3*b + 54. Let z be ((-32)/24)/(4/6). Let f(n) = -n**3 + 3*n**2 + n. What is the remainder when l is divided by f(z)?
16
Suppose -3*w - 79 - 4 = -5*i, 15 = i - w. Suppose 98 = 3*b - 67. What 